a factor of 648?
True
Is 14 a factor of 7896?
True
Is 490 a multiple of 16?
False
Does 16 divide 816?
True
Is 832 a multiple of 13?
True
Is 162 a multiple of 18?
True
Does 7 divide 207?
False
Does 23 divide 3888?
False
Is 8 a factor of 3088?
True
Is 2 a factor of 4451?
False
Does 64 divide 4450?
False
Is 1370 a multiple of 5?
True
Is 10934 a multiple of 26?
False
Does 11 divide 1067?
True
Is 2623 a multiple of 43?
True
Is 72 a factor of 3960?
True
Is 128770 a multiple of 163?
True
Is 8 a factor of 184?
True
Is 3080 a multiple of 20?
True
Is 3003 a multiple of 8?
False
Is 630 a multiple of 45?
True
Is 25 a factor of 2437?
False
Is 3851 a multiple of 64?
False
Is 656 a multiple of 16?
True
Does 240 divide 25440?
True
Is 24 a factor of 2884?
False
Is 3420 a multiple of 12?
True
Is 6 a factor of 14089?
False
Does 18 divide 198092?
False
Is 19 a factor of 399?
True
Does 5 divide 525?
True
Is 20 a factor of 1080?
True
Is 6 a factor of 450?
True
Is 10 a factor of 34643?
False
Is 109 even?
False
Is 1029 a multiple of 45?
False
Is 22 a factor of 1576?
False
Is 9 a factor of 828?
True
Does 71 divide 50611?
False
Is 74 a factor of 6660?
True
Does 11 divide 990?
True
Does 35 divide 20021?
False
Does 66 divide 11032?
False
Is 5 a factor of 472?
False
Is 213 a multiple of 64?
False
Does 20 divide 2260?
True
Is 3216 a multiple of 67?
True
Does 12 divide 1896?
True
Is 4513 a multiple of 19?
False
Is 55 a factor of 1930?
False
Does 33 divide 52821?
False
Is 22779 a multiple of 41?
False
Is 8359 a multiple of 18?
False
Is 123 a factor of 4562?
False
Does 12 divide 2322?
False
Is 1497 a multiple of 15?
False
Is 51 a factor of 2845?
False
Is 44 a factor of 440?
True
Does 46 divide 35711?
False
Is 16 a factor of 17886?
False
Is 145 a multiple of 2?
False
Is 1208 a multiple of 12?
False
Is 11 a factor of 11652?
False
Is 6098 a multiple of 91?
False
Does 16 divide 483?
False
Is 14519 a multiple of 51?
False
Is 78 a factor of 11622?
True
Does 31 divide 2582?
False
Is 9256 a multiple of 66?
False
Is 2277 a multiple of 69?
True
Does 11 divide 9068?
False
Does 9 divide 954?
True
Is 6 a factor of 216?
True
Is 3432 a multiple of 154?
False
Does 17 divide 4215?
False
Is 4 a factor of 1188?
True
Is 10366 a multiple of 146?
True
Is 45912 a multiple of 5?
False
Is 4 a factor of 1411?
False
Does 6 divide 504?
True
Does 78 divide 3921?
False
Is 25875 a multiple of 125?
True
Does 5 divide 3120?
True
Does 41 divide 601?
False
Is 7240 a multiple of 20?
True
Is 182 a multiple of 9?
False
Is 204 a multiple of 6?
True
Does 6 divide 41742?
True
Is 2 a factor of 1053?
False
Does 11 divide 22770?
True
Is 306 a multiple of 10?
False
Does 10 divide 1500?
True
Does 18 divide 846?
True
Is 57 a multiple of 19?
True
Is 34917 a multiple of 52?
False
Is 3 a factor of 471?
True
Is 10 a factor of 397?
False
Is 330 a factor of 36323?
False
Is 513 a multiple of 27?
True
Is 159 a factor of 4748?
False
Is 2072 a multiple of 74?
True
Is 13 a factor of 1274?
True
Is 2 a factor of 1115?
False
Does 70 divide 3710?
True
Is 5127 a multiple of 72?
False
Is 6 a factor of 20960?
False
Does 33 divide 28413?
True
Is 6500 a multiple of 20?
True
Is 11609 a multiple of 13?
True
Is 26307 a multiple of 14?
False
Does 7 divide 22553?
False
Is 10 a factor of 710?
True
Is 43 a multiple of 2?
False
Is 40 a factor of 11880?
True
Does 10 divide 3900?
True
Is 12 a factor of 50675?
False
Is 77 a factor of 15323?
True
Is 7 a factor of 832?
False
Is 10340 a multiple of 44?
True
Is 65 a factor of 69530?
False
Is 3 a factor of 480?
True
Does 13 divide 390?
True
Does 16 divide 27632?
True
Does 16 divide 23360?
True
Is 47 a factor of 6670?
False
Does 12 divide 31924?
False
Does 8 divide 216?
True
Is 540 a multiple of 15?
True
Is 22528 a multiple of 8?
True
Is 70 a factor of 11789?
False
Does 38 divide 574?
False
Is 631 even?
False
Does 24 divide 1869?
False
Is 16800 a multiple of 96?
True
Does 11 divide 4598?
True
Is 29 a factor of 8824?
False
Is 1540 a multiple of 35?
True
Does 94 divide 114?
False
Is 17565 a multiple of 13?
False
Is 93 a multiple of 23?
False
Is 9411 a multiple of 149?
False
Does 11 divide 6561?
False
Is 13 a factor of 1924?
True
Is 46 a factor of 2254?
True
Is 10 a factor of 620?
True
Is 44000 a multiple of 10?
True
Is 56 a factor of 1785?
False
Does 63 divide 882?
True
Is 1415 a multiple of 22?
False
Does 4 divide 190?
False
Is 10 a factor of 4680?
True
Is 33884 a multiple of 50?
False
Does 28 divide 2284?
False
Is 157 a factor of 106446?
True
Is 22802 a multiple of 26?
True
Is 5 a factor of 670?
True
Is 8 a factor of 4040?
True
Does 41 divide 11481?
False
Is 9698 a multiple of 130?
False
Is 51 a factor of 459?
True
Is 62 a factor of 1279?
False
Is 135 a multiple of 3?
True
Is 60 a multiple of 6?
True
Does 16 divide 85?
False
Is 25 a factor of 8375?
True
Is 128466 a multiple of 162?
True
Does 86 divide 1462?
True
Does 37 divide 20936?
False
Is 36 a factor of 34812?
True
Does 27 divide 2835?
True
Is 3 a factor of 153?
True
Is 18309 a multiple of 51?
True
Is 8 a factor of 24759?
False
Is 184 a factor of 69663?
False
Does 28 divide 9744?
True
Is 25584 a multiple of 199?
False
Is 35 a factor of 1050?
True
Is 933 a multiple of 44?
False
Is 740 a multiple of 10?
True
Is 2673 a multiple of 10?
False
Does 8 divide 1994?
False
Does 37 divide 8041?
False
Does 10 divide 29450?
True
Does 115 divide 10810?
True
Is 8674 a multiple of 109?
False
Does 109 divide 4360?
True
Does 3 divide 55?
False
Is 21789 a multiple of 27?
True
Is 95 a factor of 20038?
False
Is 6707 a multiple of 14?
False
Does 4 divide 624?
True
Is 145 a multiple of 5?
True
Does 20 divide 21740?
True
Is 4167 a multiple of 65?
False
Is 22508 a multiple of 68?
True
Does 3 divide 117?
True
Is 22 a factor of 6049?
False
Is 13195 a multiple of 29?
True
Is 76 a factor of 2432?
True
Is 892 a multiple of 72?
False
Does 25 divide 575?
True
Does 66 divide 32740?
False
Does 145 divide 2494?
False
Is 47 a factor of 44643?
False
Is 273 a factor of 56334?
False
Is 18 a factor of 6180?
False
Is 684 a multiple of 51?
False
Does 24 divide 624?
True
Does 102 divide 49310?
False
Is 20 a factor of 870?
False
Is 484 a multiple of 11?
True
Does 13 divide 29?
False
Is 12213 a multiple of 12?
False
Is 4347 a multiple of 54?
False
Is 63 a factor of 19478?
False
Is 11388 a multiple of 146?
True
Does 64 divide 8832?
True
Is 6358 a multiple of 3?
False
Is 107 a multiple of 5?
False
Does 128 divide 6144?
True
Is 17 a factor of 1029?
False
Does 83 divide 1328?
True
Does 9 divide 117?
True
Is 2706 a multiple of 22?
True
Is 87 a factor of 11696?
False
Is 25 a factor of 67495?
False
Does 30 divide 522?
False
Is 94052 a multiple of 436?
False
Does 78 divide 858?
True
Is 5487 a multiple of 31?
True
Is 36198 a multiple of 205?
False
Is 4065 a multiple of 7?
False
Does 23 divide 58664?
False
Is 13 a factor of 5265?
True
Is 11 a factor of 341?
True
Is 9802 a multiple of 169?
True
Is 134 a factor of 26532?
True
Is 2 a factor of 525?
False
Is 8 a factor of 149?
False
Is 504 a multiple of 3?
True
Does 58 divide 40859?
False
Is 66 a factor of 63546?
False
Is 44 a factor of 16706?
False
Is 5064 a multiple of 4?
True
Is 86 a factor of 9421?
False
Does 5 divide 135?
True
Is 2398 a multiple of 11?
True
Is 150 a multiple of 9?
False
Is 19909 a multiple of 10?
False
Does 35 divide 280?
True
Is 13 a factor of 518?
False
Is 2 a factor of 4511?
False
Is 3728 a multiple of 33?
False
Is 54 a factor of 6912?
True
Is 123 a factor of 2214?
True
Is 3 a factor of 797?
False
Does 115 divide 3654?
False
Does 55 divide 1246?
False
Does 15 divide 252?
False
Is 731 a multiple of 38?
False
Does 4 divide 632?
True
Is 12 a multiple of 7?
False
Is 62 a factor of 992?
True
Does 96 divide 64608?
True
Is 79 a factor of 17497?
False
Is 1044 a multiple of 14?
False
Does 99 divide 1270?
False
Is 630 a multiple of 6?
True
Is 3 a factor of 81?
True
Is 167 a factor of 5010?
True
Is 130 a multiple of 29?
False
Is 7 a factor of 3322?
False
Is 183 a multiple of 47?
False
Is 781 a multiple of 41?
False
Does 61 divide 34282?
True
Does 90 divide 3960?
True
Does 128 divide 5282?
False
Does 17 divide 103344?
False
Does 14 divide 29610?
True
Is 1640 a multiple of 8?
True
Is 1323 a multiple of 47?
False
Does 12 divide 96?
True
Is 9 a fa